re the prime factors of 514153?
53, 89, 109
List the prime factors of 519656.
2, 17, 3821
What are the prime factors of 3684841?
19, 193939
What are the prime factors of 4411458?
2, 3, 19, 12899
List the prime factors of 10648649.
11, 43, 47, 479
List the prime factors of 979969.
979969
List the prime factors of 35104138.
2, 389, 45121
What are the prime factors of 1452701?
17, 85453
What are the prime factors of 185973?
3, 61991
List the prime factors of 1089362.
2, 43, 53, 239
What are the prime factors of 2285232?
2, 3, 47609
What are the prime factors of 639731?
639731
What are the prime factors of 6359431?
13, 23, 21269
List the prime factors of 1231991.
307, 4013
List the prime factors of 512389.
512389
What are the prime factors of 548540?
2, 5, 27427
List the prime factors of 10993953.
3, 3664651
List the prime factors of 3648725.
5, 145949
What are the prime factors of 3994733?
3994733
What are the prime factors of 383435?
5, 13, 17, 347
List the prime factors of 881744.
2, 55109
List the prime factors of 234904.
2, 29363
List the prime factors of 31697113.
7, 2113, 2143
What are the prime factors of 216557?
11, 19687
List the prime factors of 363457.
29, 83, 151
List the prime factors of 1483208.
2, 185401
List the prime factors of 18959536.
2, 251, 4721
List the prime factors of 118157.
13, 61, 149
What are the prime factors of 406086?
2, 3, 53, 1277
List the prime factors of 4654140.
2, 3, 5, 77569
What are the prime factors of 40592?
2, 43, 59
What are the prime factors of 17222761?
149, 115589
What are the prime factors of 1352019?
3, 271, 1663
What are the prime factors of 105910?
2, 5, 7, 17, 89
List the prime factors of 85985.
5, 29, 593
What are the prime factors of 73459?
73459
What are the prime factors of 1145723?
1145723
List the prime factors of 22259158.
2, 11129579
List the prime factors of 1316441.
7, 61, 3083
List the prime factors of 8593517.
17, 505501
What are the prime factors of 7885?
5, 19, 83
What are the prime factors of 15554067?
3, 5184689
List the prime factors of 287521.
13, 17, 1301
What are the prime factors of 805868?
2, 7, 17, 1693
List the prime factors of 176455.
5, 35291
List the prime factors of 5282531.
5282531
List the prime factors of 2085129.
3, 29, 2663
What are the prime factors of 138915?
3, 5, 7
What are the prime factors of 10778572?
2, 7, 41, 229
List the prime factors of 660339.
3, 37, 661
What are the prime factors of 841021?
841021
What are the prime factors of 69338?
2, 37, 937
List the prime factors of 651085.
5, 197, 661
List the prime factors of 104065.
5, 13, 1601
What are the prime factors of 11746014?
2, 3, 7, 17, 16451
List the prime factors of 2151784.
2, 268973
List the prime factors of 406265.
5, 193, 421
List the prime factors of 332754.
2, 3, 31, 1789
What are the prime factors of 273869?
47, 5827
List the prime factors of 258160.
2, 5, 7, 461
What are the prime factors of 115532?
2, 17, 1699
What are the prime factors of 427250?
2, 5, 1709
List the prime factors of 1381589.
11, 29, 61, 71
What are the prime factors of 1144912?
2, 163, 439
List the prime factors of 4064240.
2, 5, 101, 503
What are the prime factors of 234849?
3, 78283
What are the prime factors of 334867?
13, 25759
What are the prime factors of 1427359?
1427359
List the prime factors of 93843.
3, 10427
What are the prime factors of 399983?
399983
What are the prime factors of 38353521?
3, 421, 30367
What are the prime factors of 30524?
2, 13, 587
What are the prime factors of 195238?
2, 31, 47, 67
List the prime factors of 451869.
3, 11, 13693
List the prime factors of 220351.
220351
What are the prime factors of 4896842?
2, 1013, 2417
What are the prime factors of 869106?
2, 3, 7, 20693
List the prime factors of 1588732.
2, 397183
What are the prime factors of 3080081?
401, 7681
What are the prime factors of 2239557?
3, 683, 1093
List the prime factors of 38513.
19, 2027
What are the prime factors of 4295704?
2, 7, 79, 971
List the prime factors of 70447.
13, 5419
What are the prime factors of 2722335?
3, 5, 7, 11, 2357
List the prime factors of 908405.
5, 97, 1873
List the prime factors of 23760760.
2, 5, 167, 3557
List the prime factors of 109148.
2, 13, 2099
List the prime factors of 2897906.
2, 11, 157, 839
List the prime factors of 2377745.
5, 475549
What are the prime factors of 9960194?
2, 4980097
What are the prime factors of 19838?
2, 7, 13, 109
List the prime factors of 3193794.
2, 3, 177433
List the prime factors of 3159040.
2, 5, 617
What are the prime factors of 8209914?
2, 3, 1368319
List the prime factors of 41284395.
3, 5, 67, 13693
List the prime factors of 446205.
3, 5, 151, 197
What are the prime factors of 3304991?
3304991
What are the prime factors of 236281?
277, 853
What are the prime factors of 221427?
3, 59, 139
What are the prime factors of 1253036?
2, 17, 18427
List the prime factors of 3766751.
3766751
List the prime factors of 1563659.
53, 163, 181
What are the prime factors of 106010?
2, 5, 10601
What are the prime factors of 9683520?
2, 3, 5, 7, 11, 131
List the prime factors of 2680630.
2, 5, 268063
List the prime factors of 27553.
59, 467
What are the prime factors of 74896?
2, 31, 151
List the prime factors of 425307.
3, 141769
What are the prime factors of 1440717?
3, 563, 853
List the prime factors of 5200436.
2, 17, 31, 2467
What are the prime factors of 143804?
2, 35951
What are the prime factors of 2554920?
2, 3, 5, 47, 151
What are the prime factors of 1685511?
3, 137, 1367
List the prime factors of 999429.
3, 79, 4217
List the prime factors of 4580493.
3, 1526831
What are the prime factors of 311099?
311099
List the prime factors of 22274340.
2, 3, 5, 11, 33749
What are the prime factors of 9376587?
3, 11, 131, 241
List the prime factors of 34283081.
7, 4897583
List the prime factors of 1649618.
2, 19, 43411
What are the prime factors of 36136?
2, 4517
What are the prime factors of 613231?
613231
What are the prime factors of 2497895?
5, 17, 29387
What are the prime factors of 1172109?
3, 390703
What are the prime factors of 148225?
5, 7, 11
What are the prime factors of 3136297?
1759, 1783
What are the prime factors of 2998185?
3, 5, 101, 1979
List the prime factors of 25503275.
5, 7, 109, 191
List the prime factors of 1195427.
71, 113, 149
What are the prime factors of 14557?
14557
What are the prime factors of 349780?
2, 5, 17489
List the prime factors of 1943459.
7, 277637
List the prime factors of 4963157.
4963157
What are the prime factors of 5718904?
2, 23, 31081
What are the prime factors of 3013946?
2, 13, 37, 241
What are the prime factors of 1562425?
5, 62497
List the prime factors of 906651.
3, 131, 769
List the prime factors of 3888239.
53, 73363
List the prime factors of 4361182.
2, 7, 151, 2063
What are the prime factors of 7026376?
2, 7, 125471
List the prime factors of 810889.
229, 3541
List the prime factors of 1614490.
2, 5, 17, 9497
What are the prime factors of 1524399?
3, 137, 3709
List the prime factors of 249869.
19, 13151
What are the prime factors of 482158?
2, 241079
What are the prime factors of 142669?
23, 6203
What are the prime factors of 223802?
2, 317, 353
What are the prime factors of 538874?
2, 7, 61, 631
List the prime factors of 1561967.
11, 149, 953
List the prime factors of 651.
3, 7, 31
What are the prime factors of 3401222?
2, 11, 53, 2917
List the prime factors of 9903057.
3, 3301019
List the prime factors of 1506036.
2, 3, 7, 17929
What are the prime factors of 1962359?
7, 280337
List the prime factors of 3122946.
2, 3, 173497
What are the prime factors of 1327114?
2, 663557
List the prime factors of 2878871.
757, 3803
What are the prime factors of 528714?
2, 3, 9791
List the prime factors of 2591222.
2, 1295611
List the prime factors of 2116278.
2, 3, 117571
What are the prime factors of 863336?
2, 311, 347
List the prime factors of 11500979.
7, 1642997
List the prime factors of 304152.
2, 3, 19, 23, 29
List the prime factors of 118442.
2, 59221
What are the prime factors of 99382?
2, 17, 37, 79
List the prime factors of 6838204.
2, 43, 83, 479
List the prime factors of 7119940.
2, 5, 17, 43, 487
List the prime factors of 157641.
3, 11, 17, 281
List the prime factors of 3363093.
3, 17, 431
What are the prime factors